{"id":6,"date":"2015-11-02T21:01:17","date_gmt":"2015-11-02T21:01:17","guid":{"rendered":"http:\/\/yvonnestrafikskola.se\/haninge\/?page_id=6"},"modified":"2026-01-05T13:50:46","modified_gmt":"2026-01-05T13:50:46","slug":"hem","status":"publish","type":"page","link":"https:\/\/yvonnestrafikskola.se\/haninge\/","title":{"rendered":"Hem"},"content":{"rendered":"\n<div class=\"wp-block-group\"><div class=\"wp-block-group__inner-container is-layout-flow wp-block-group-is-layout-flow\">\n<h3>\u00a0<\/h3>\n<h2><span style=\"color: #003366;\"><strong>V\u00e4lkommen till Yvonnes <span style=\"color: #003366;\">Trafikskola<\/span> i <span style=\"color: #003366;\">Haninge!<\/span><\/strong><\/span><\/h2>\n<p>Vi p\u00e5 <span style=\"color: #333333;\"><strong>Yvonnes trafikskola i Haninge<\/strong><\/span> jobbar sj\u00e4lvklart mot <span style=\"color: #333333;\"><strong>Nollvisionen <\/strong><\/span>och hj\u00e4lper dig p\u00e5 v\u00e4gen fram till k\u00f6rkortet. Genom \u00e5ren har vi p\u00e5 Yvonnes trafikskola i Haninge och Yvonnes trafikskola i Nyn\u00e4shamn haft gl\u00e4djen att hj\u00e4lpa flera tusen elever att ta k\u00f6rkort genom oss. V\u00e4lkommen att vara med p\u00e5 resan du med!\u00a0<\/p>\n<ul>\n<li>Vi erbjuder <span style=\"color: #333333;\"><strong>k\u00f6rkortsutbildning f\u00f6r <\/strong><\/span>beh\u00f6righet <span style=\"color: #003366;\"><strong>B (personbil)<\/strong><\/span><span style=\"color: #000000;\"> och <span style=\"color: #333333;\"><strong><span style=\"color: #003366;\">AM (moped<\/span> <span style=\"color: #003366;\">klass 1)- se prislista<\/span><\/strong><\/span><\/span><\/li>\n<li>Vi \u00e4r medlemmar i <strong><span style=\"color: #003366;\">STR<\/span><\/strong> (Sveriges Trafikutbildares Riksf\u00f6rbund)<\/li>\n<li><span style=\"color: #000000;\">Vi har<\/span><span style=\"color: #003366;\"><strong> kvinnliga och manliga <\/strong><strong>trafikl\u00e4rare<\/strong><\/span> med l\u00e5ng erfarenhet<\/li>\n<li><span style=\"color: #003366;\"><span style=\"color: #000000;\">Vi har<\/span><span style=\"color: #000000;\"> b\u00e5de<\/span> <strong>manuella <\/strong><\/span>och<span style=\"color: #003366;\"><strong> automatv\u00e4xlade bilar<\/strong><\/span><\/li>\n<li>Vi utbildar p\u00e5 <span style=\"color: #000000;\"><span style=\"color: #003366;\"><strong>svenska<\/strong><\/span> och <span style=\"color: #003366;\"><strong>engelska<\/strong><\/span><\/span><\/li>\n<li><span style=\"color: #003366;\"><span style=\"color: #000000;\">Vi ligger mittemot<\/span><strong style=\"color: #003366;\"> Fredrika <span style=\"color: #003366;\">Bremergymnasiet,<\/span> Torvalla IP <\/strong><span style=\"color: #000000;\">samt n\u00e4ra Brandbergen, Haninge Centrum, Vega, Vendels\u00f6, Dalar\u00f6, V\u00e4sterhaninge, Tungelsta, L\u00e4nna, Tyres\u00f6, Skarpn\u00e4ck, Sk\u00f6ndal, H\u00f6kar\u00e4ngen, Gubb\u00e4ngen, Tallkrogen, Skog\u00e5s, Tr\u00e5ngsund och Farsta <\/span><\/span><span style=\"color: #000000;\">\u00a0\u00a0<\/span><\/li>\n<li><span style=\"color: #000000;\"><span style=\"color: #333333;\"><span style=\"color: #000000;\">Vi har <\/span><strong><span style=\"color: #003366;\">Handledarutbildning<\/span><\/strong><b style=\"color: #333333;\"> (fr. 490 kr), <\/b><strong><span style=\"color: #003366;\">Riskettan <\/span><\/strong><b style=\"color: #333333;\">(fr. 600 kr) och<\/b><\/span><span style=\"color: #333333;\"><strong><span style=\"color: #003366;\"> Teorikurs. <\/span><\/strong><span style=\"color: #000000;\">Vi bokar<\/span><strong><span style=\"color: #003366;\"> Risktv\u00e5an <span style=\"color: #333333;\">till v\u00e5ra elever<\/span><\/span>\u00a0<\/strong><span style=\"color: #000000;\">n\u00e4r det \u00e4r dags<\/span><\/span><\/span><\/li>\n<li>Vill du <span style=\"color: #003366;\"><strong>k\u00f6ra hemma <\/strong><span style=\"color: #000000;\">och<\/span><strong> p\u00e5 trafikskolan\u00a0<\/strong><\/span>s\u00e5 finns vi h\u00e4r f\u00f6r att guida dig p\u00e5 v\u00e4gen under k\u00f6rlektion\u00a0\u00a0<\/li>\n<li>Vi erbjuder <strong><span style=\"color: #003366;\">Intensivutbildning<\/span><\/strong> f\u00f6r dig som vill blir klar p\u00e5 begr\u00e4nsad tid<\/li>\n<li>Vi erbjuder <span style=\"color: #333333;\"><strong><span style=\"color: #003366;\">extra teorist\u00f6d<\/span> <\/strong><\/span>f\u00f6r dig <span style=\"color: #000000;\">som<\/span> beh\u00f6ver det<\/li>\n<li>Vi har b\u00e5de kunskap och erfarenhet av <strong><span style=\"color: #003366;\">NPF. <\/span><\/strong><span style=\"color: #003366;\"><span style=\"color: #000000;\">Vi anpassar utbildningen efter behov<\/span><\/span><\/li>\n<li><span style=\"color: #003366;\"><strong>Har du k\u00f6rkort men vill k\u00f6rtr\u00e4na? <\/strong><\/span>\u00a0Vi anpassar k\u00f6rtr\u00e4ningen utefter dina behov<\/li>\n<\/ul>\n<h4><span style=\"color: #993366;\"><strong>Vill du skriva in dig som elev och komma ig\u00e5ng?\u00a0<\/strong><\/span><\/h4>\n<h3><strong><span style=\"color: #003366;\">Ring oss : <span style=\"color: #000000;\">08-777 30 04<\/span><\/span><\/strong><\/h3>\n<h3><strong><span style=\"color: #003366;\">Bes\u00f6k oss : <span style=\"color: #000000;\">Dalar\u00f6v\u00e4gen 37 B<\/span><\/span><\/strong><\/h3>\n<h4><span style=\"color: #000000;\"><span style=\"color: #003366;\"><strong>Det g\u00e5r \u00e4ven bra att maila oss om du har fr\u00e5go<span style=\"color: #003366;\">r<\/span>, funderingar eller vill skicka en intresseanm\u00e4lan:<\/strong><\/span><\/span><\/h4>\n<h3><span style=\"color: #993366;\"><strong>haninge@yvonnestrafikskola.se<\/strong><\/span><\/h3>\n<p><strong>F\u00f6lj oss p\u00e5 sociala medier:<\/strong><span style=\"color: #800080;\"><strong><span style=\"color: #000000;\"> \ud83d\udfea<\/span><span style=\"color: #993366;\">Instagram<\/span><span style=\"color: #800080;\"><span style=\"color: #993366;\"> (trafikskolayvonnes),<\/span><span style=\"color: #000000;\">\u00a0\ud83d\udfe6<\/span><\/span><span style=\"color: #003366;\">facebook (Yvonnes trafikskola i Haninge) <\/span><\/strong><\/span><strong>&amp;<\/strong><span style=\"color: #800080;\"><strong><span style=\"color: #800080;\"><span style=\"color: #110f91;\"> \ud83d\udfe5<span style=\"color: #000000;\">YouTube (Yvonnestrafikskola)<\/span><\/span><\/span><\/strong><\/span><\/p>\n<p><img decoding=\"async\" src=\"http:\/\/media7.yvonnestrafikskola.se\/2015\/11\/bil.jpg\" \/><\/p>\n<\/div><\/div>\n","protected":false},"excerpt":{"rendered":"<p>\u00a0 V\u00e4lkommen till Yvonnes Trafikskola i Haninge! Vi p\u00e5 Yvonnes trafikskola i Haninge jobbar sj\u00e4lvklart mot Nollvisionen och hj\u00e4lper dig p\u00e5 v\u00e4gen fram till k\u00f6rkortet. Genom \u00e5ren har vi p\u00e5 Yvonnes trafikskola i Haninge och Yvonnes trafikskola i Nyn\u00e4shamn haft gl\u00e4djen att hj\u00e4lpa flera tusen elever att ta k\u00f6rkort genom oss. V\u00e4lkommen att vara med<br \/><a class=\"moretag\" href=\"https:\/\/yvonnestrafikskola.se\/haninge\/\">+ Read More<\/a><\/p>\n","protected":false},"author":1,"featured_media":696,"parent":0,"menu_order":0,"comment_status":"closed","ping_status":"closed","template":"","meta":{"footnotes":""},"class_list":["post-6","page","type-page","status-publish","has-post-thumbnail","hentry"],"_links":{"self":[{"href":"https:\/\/yvonnestrafikskola.se\/haninge\/wp-json\/wp\/v2\/pages\/6","targetHints":{"allow":["GET"]}}],"collection":[{"href":"https:\/\/yvonnestrafikskola.se\/haninge\/wp-json\/wp\/v2\/pages"}],"about":[{"href":"https:\/\/yvonnestrafikskola.se\/haninge\/wp-json\/wp\/v2\/types\/page"}],"author":[{"embeddable":true,"href":"https:\/\/yvonnestrafikskola.se\/haninge\/wp-json\/wp\/v2\/users\/1"}],"replies":[{"embeddable":true,"href":"https:\/\/yvonnestrafikskola.se\/haninge\/wp-json\/wp\/v2\/comments?post=6"}],"version-history":[{"count":571,"href":"https:\/\/yvonnestrafikskola.se\/haninge\/wp-json\/wp\/v2\/pages\/6\/revisions"}],"predecessor-version":[{"id":2252,"href":"https:\/\/yvonnestrafikskola.se\/haninge\/wp-json\/wp\/v2\/pages\/6\/revisions\/2252"}],"wp:featuredmedia":[{"embeddable":true,"href":"https:\/\/yvonnestrafikskola.se\/haninge\/wp-json\/wp\/v2\/media\/696"}],"wp:attachment":[{"href":"https:\/\/yvonnestrafikskola.se\/haninge\/wp-json\/wp\/v2\/media?parent=6"}],"curies":[{"name":"wp","href":"https:\/\/api.w.org\/{rel}","templated":true}]}}