{"id":51,"date":"2015-11-02T21:16:27","date_gmt":"2015-11-02T21:16:27","guid":{"rendered":"http:\/\/yvonnestrafikskola.se\/haninge\/?page_id=51"},"modified":"2023-12-20T09:12:20","modified_gmt":"2023-12-20T09:12:20","slug":"kommande-kurser","status":"publish","type":"page","link":"https:\/\/yvonnestrafikskola.se\/haninge\/kommande-kurser\/","title":{"rendered":"Kommande kurser"},"content":{"rendered":"<h2><strong>Kommande kurser<\/strong><\/h2>\n<p>Yvonnes Trafikskola erbjuder f\u00f6ljande kurser. F\u00f6r mer information klicka p\u00e5 n\u00e5gon av f\u00f6ljande l\u00e4nkar.\u00a0<\/p>\n<p><a href=\"http:\/\/www.yvonnestrafikskola.se\/haninge\/riskettan\">Riskettan<\/a> <a href=\"http:\/\/www.yvonnestrafikskola.se\/haninge\/teorikur\">Teorikurs<\/a>\u00a0\u00a0\u00a0\u00a0<a href=\"http:\/\/www.yvonnestrafikskola.se\/haninge\/handledarutbildning\">Handledarutbildning<\/a><\/p>\n\n\n<p><\/p>\n","protected":false},"excerpt":{"rendered":"<p>Kommande kurser Yvonnes Trafikskola erbjuder f\u00f6ljande kurser. F\u00f6r mer information klicka p\u00e5 n\u00e5gon av f\u00f6ljande l\u00e4nkar.\u00a0 Riskettan Teorikurs\u00a0\u00a0\u00a0\u00a0Handledarutbildning<\/p>\n","protected":false},"author":1,"featured_media":0,"parent":0,"menu_order":0,"comment_status":"closed","ping_status":"closed","template":"","meta":{"footnotes":""},"class_list":["post-51","page","type-page","status-publish","hentry"],"_links":{"self":[{"href":"https:\/\/yvonnestrafikskola.se\/haninge\/wp-json\/wp\/v2\/pages\/51","targetHints":{"allow":["GET"]}}],"collection":[{"href":"https:\/\/yvonnestrafikskola.se\/haninge\/wp-json\/wp\/v2\/pages"}],"about":[{"href":"https:\/\/yvonnestrafikskola.se\/haninge\/wp-json\/wp\/v2\/types\/page"}],"author":[{"embeddable":true,"href":"https:\/\/yvonnestrafikskola.se\/haninge\/wp-json\/wp\/v2\/users\/1"}],"replies":[{"embeddable":true,"href":"https:\/\/yvonnestrafikskola.se\/haninge\/wp-json\/wp\/v2\/comments?post=51"}],"version-history":[{"count":15,"href":"https:\/\/yvonnestrafikskola.se\/haninge\/wp-json\/wp\/v2\/pages\/51\/revisions"}],"predecessor-version":[{"id":1518,"href":"https:\/\/yvonnestrafikskola.se\/haninge\/wp-json\/wp\/v2\/pages\/51\/revisions\/1518"}],"wp:attachment":[{"href":"https:\/\/yvonnestrafikskola.se\/haninge\/wp-json\/wp\/v2\/media?parent=51"}],"curies":[{"name":"wp","href":"https:\/\/api.w.org\/{rel}","templated":true}]}}